{"id":1529,"date":"2025-02-06T17:24:03","date_gmt":"2025-02-06T16:24:03","guid":{"rendered":"https:\/\/events.chuliege.be\/myapp4sep\/?page_id=1529"},"modified":"2025-02-07T09:54:53","modified_gmt":"2025-02-07T08:54:53","slug":"outil-de-creation-dune-gouvernance-participative-govfit-p","status":"publish","type":"page","link":"https:\/\/events.chuliege.be\/myapp4sep\/outil-de-creation-dune-gouvernance-participative-govfit-p\/","title":{"rendered":"Outil de cr\u00e9ation d&rsquo;une gouvernance participative : GoVFiT-P"},"content":{"rendered":"<div class=\"fusion-fullwidth fullwidth-box fusion-builder-row-1 fusion-flex-container has-pattern-background has-mask-background nonhundred-percent-fullwidth non-hundred-percent-height-scrolling\" style=\"--awb-border-radius-top-left:0px;--awb-border-radius-top-right:0px;--awb-border-radius-bottom-right:0px;--awb-border-radius-bottom-left:0px;--awb-flex-wrap:wrap;\" ><div class=\"fusion-builder-row fusion-row fusion-flex-align-items-flex-start fusion-flex-content-wrap\" style=\"max-width:1216.8px;margin-left: calc(-4% \/ 2 );margin-right: calc(-4% \/ 2 );\"><div class=\"fusion-layout-column fusion_builder_column fusion-builder-column-0 fusion_builder_column_1_1 1_1 fusion-flex-column\" style=\"--awb-bg-size:cover;--awb-width-large:100%;--awb-margin-top-large:0px;--awb-spacing-right-large:1.92%;--awb-margin-bottom-large:30px;--awb-spacing-left-large:1.92%;--awb-width-medium:100%;--awb-order-medium:0;--awb-spacing-right-medium:1.92%;--awb-spacing-left-medium:1.92%;--awb-width-small:100%;--awb-order-small:0;--awb-spacing-right-small:1.92%;--awb-spacing-left-small:1.92%;\"><div class=\"fusion-column-wrapper fusion-column-has-shadow fusion-flex-justify-content-flex-start fusion-content-layout-column\"><div class=\"fusion-text fusion-text-1\" style=\"--awb-text-color:#000000;--awb-text-font-family:Verdana, Geneva, sans-serif;--awb-text-font-style:normal;--awb-text-font-weight:400;\"><p><span style=\"color: #000000\">Lorsque l\u2019on recourt \u00e0 la technologie afin d\u2019am\u00e9liorer la qualit\u00e9 de vie li\u00e9e \u00e0 la sant\u00e9 des personnes dans leur quotidien, il est important de veiller \u00e0 des principes pour guider notre action.<\/span><\/p>\n<p><span style=\"color: #000000\">Au fil d&rsquo;un travail pilot\u00e9 au d\u00e9part de la Fondation Roi Baudouin et, plus sp\u00e9cifiquement, du Fonds Dr. Dani\u00ebl De Coninck, 8 grands principes directeurs (8CTP) pour la cr\u00e9ation d&rsquo;une technologie saine \u00e0 dimension humaine ont vu le jour.<\/span><\/p>\n<p><span style=\"color: #000000\">Pour plus d&rsquo;informations sur les 8 principes directeurs : <a href=\"https:\/\/www.caringtechnology.be\/fr\/8-principles\"><span style=\"color: #0000ff\">https:\/\/www.caringtechnology.be\/fr\/8-principles<\/span><\/a><\/span><\/p>\n<p><span style=\"color: #000000\">Parmi ces grands principes, nous retrouvons la mise en place d&rsquo;une gouvernance participative pour la gestion de la technologie. Celle-ci doit \u00eatre adaptative et impliquer toutes les parties prenantes.<\/span><\/p>\n<p><span style=\"color: #000000\">Sa cr\u00e9ation, bien que n\u00e9cessaire, n&rsquo;\u00e9tant pas une \u00e9tape ais\u00e9e, un outil a \u00e9t\u00e9 con\u00e7u pour d\u00e9velopper et soutenir un syst\u00e8me de gouvernance participative adapt\u00e9 \u00e0 l&rsquo;\u00e9volution des projets et int\u00e9grant les 8CTP. Sa finalit\u00e9 est de faciliter le processus de co-cr\u00e9ation de la gouvernance participative avec l&rsquo;ensemble des parties prenantes, en favorisant les \u00e9changes et une d\u00e9marche r\u00e9flexive.<br \/>\n<\/span><\/p>\n<p><span style=\"color: #000000\">Cet outil se nomme <strong>GoVFiT-P<\/strong><\/span><\/p>\n<p><span style=\"color: #000000\">Vous \u00eates porteur\/porteuse de projet, impliqu\u00e9(e) dans la cr\u00e9ation d&rsquo;une technologie saine \u00e0 dimension humaine, n&rsquo;h\u00e9sitez pas \u00e0 t\u00e9l\u00e9charger l&rsquo;outil vous aidant \u00e0 d\u00e9velopper votre propre gouvernance participative :<\/span><\/p>\n<p><span style=\"color: #000000\">L&rsquo;outil (vue paysage) : <\/span><span style=\"color: #0000ff\"><a style=\"color: #0000ff\" href=\"https:\/\/events.chuliege.be\/myapp4sep\/wp-content\/uploads\/sites\/20\/2025\/02\/GoVFiT-P_Final_planches_compressed.pdf\">GoVFiT-P<\/a><\/span><\/p>\n<p><span style=\"color: #000000\">L&rsquo;outil (vue portrait) : <a href=\"https:\/\/events.chuliege.be\/myapp4sep\/wp-content\/uploads\/sites\/20\/2025\/02\/GoVFiT-P_Final_pages_compressed.pdf\"><span style=\"color: #0000ff\">GoVFiT-P<\/span><\/a><\/span><\/p>\n<p><span style=\"color: #000000\">Annexe 3 :<span style=\"color: #0000ff\"> <a style=\"color: #0000ff\" href=\"https:\/\/events.chuliege.be\/myapp4sep\/wp-content\/uploads\/sites\/20\/2025\/02\/GoVFiT-P_annexe3_A4.pdf\">Les bulles d&rsquo;activit\u00e9s (A4)<\/a><\/span><\/span><\/p>\n<p><span style=\"color: #000000\">Annexe 3 : <a href=\"https:\/\/events.chuliege.be\/myapp4sep\/wp-content\/uploads\/sites\/20\/2025\/02\/GoVFiT-P_annexe3_A3.pdf\"><span style=\"color: #0000ff\">Les bulles d&rsquo;activit\u00e9s (A3)<\/span><\/a><\/span><\/p>\n<p><span style=\"color: #000000\">Besoin d&rsquo;aide pour l&rsquo;utilisation de l&rsquo;outil? N&rsquo;h\u00e9sitez pas \u00e0 nous contacter via le formulaire disponible <\/span><span style=\"color: #0000ff\"><a style=\"color: #0000ff\" href=\"https:\/\/events.chuliege.be\/myapp4sep\/nous-contacter\/\">ici<\/a><\/span><\/p>\n<\/div><\/div><\/div><\/div><\/div>\n","protected":false},"excerpt":{"rendered":"","protected":false},"author":26,"featured_media":0,"parent":0,"menu_order":0,"comment_status":"closed","ping_status":"closed","template":"100-width.php","meta":{"footnotes":""},"class_list":["post-1529","page","type-page","status-publish","hentry"],"_links":{"self":[{"href":"https:\/\/events.chuliege.be\/myapp4sep\/wp-json\/wp\/v2\/pages\/1529","targetHints":{"allow":["GET"]}}],"collection":[{"href":"https:\/\/events.chuliege.be\/myapp4sep\/wp-json\/wp\/v2\/pages"}],"about":[{"href":"https:\/\/events.chuliege.be\/myapp4sep\/wp-json\/wp\/v2\/types\/page"}],"author":[{"embeddable":true,"href":"https:\/\/events.chuliege.be\/myapp4sep\/wp-json\/wp\/v2\/users\/26"}],"replies":[{"embeddable":true,"href":"https:\/\/events.chuliege.be\/myapp4sep\/wp-json\/wp\/v2\/comments?post=1529"}],"version-history":[{"count":18,"href":"https:\/\/events.chuliege.be\/myapp4sep\/wp-json\/wp\/v2\/pages\/1529\/revisions"}],"predecessor-version":[{"id":1551,"href":"https:\/\/events.chuliege.be\/myapp4sep\/wp-json\/wp\/v2\/pages\/1529\/revisions\/1551"}],"wp:attachment":[{"href":"https:\/\/events.chuliege.be\/myapp4sep\/wp-json\/wp\/v2\/media?parent=1529"}],"curies":[{"name":"wp","href":"https:\/\/api.w.org\/{rel}","templated":true}]}}